 derivative of y**6/120 + y**5/6 + y**4/24 + 3*y**3/2 + 2*y**2. Suppose 378 = 55*i - 777. What is the remainder when m(-9) is divided by i?
18
Suppose 2*v - 1038 - 898 = 0. Suppose v = 3*i - i. What is the remainder when 59 is divided by (-2)/12 + i/24?
19
Let r(a) = -2*a**3 + 5*a**2 - 9*a - 92. What is the remainder when r(-5) is divided by 20?
8
Suppose -4*q + 3*c + 253 = 0, -4*q - c = c - 278. What is the remainder when 341 is divided by q?
6
Suppose -4*b = -2*t - 2*b - 24, -2*b = 2*t + 32. Let y be (3 - 114/t) + (-2)/14. Suppose 7 = -y*x + 194. What is the remainder when 99 is divided by x?
14
Let z = -1141 - -2307. What is the remainder when z is divided by 146?
144
Let f(t) = t**2 + 107*t - 554. Calculate the remainder when 24 is divided by f(5).
0
Suppose 2*a - 537 = -i - 459, 342 = 4*i + 2*a. What is the remainder when i is divided by 32 - 0*3/9?
24
Suppose 22*f - 107 = 3. Let m(t) = 6*t**2 - 19*t - 11. Let c(b) = 4*b**2 - 5*b - 1. Calculate the remainder when c(-6) is divided by m(f).
41
Calculate the remainder when (-3230)/(-4) - (-8)/16 is divided by 201.
4
Let v be (-17 - -16)*(1 + 2*427). Let z = 865 + v. What is the remainder when (-77)/((-1)/(-1)*-1) is divided by z?
7
Let v = -58 + -6. Let h be 2/((-8)/6)*v/16. What is the remainder when ((-9)/h)/3*-76 is divided by 10?
8
Let r be (-2)/10 - (14/(-35))/2. Suppose 2*m = 5*l + 152, -28*m + 27*m - 5*l + 76 = r. Calculate the remainder when m is divided by 20.
16
Suppose -2*z - 2*p + 378 = 0, 5*z = 2*p + 1018 - 52. Calculate the remainder when z is divided by 13.
10
Let b(y) = -y**2 - 2*y + 2. Let o be b(-4). Let i(l) = -2*l**3 + 20*l**2 + 20*l + 46. Let j be i(11). What is the remainder when 38 is divided by -52*1*o/j?
12
Let j(l) = -2*l**3 + 3*l**2 - l + 216. What is the remainder when j(0) is divided by 70?
6
Suppose 4*y + 35 = -5*u, -8*u + 4*u = -5*y - 13. What is the remainder when 27 is divided by (33/22)/(u/(-30))?
12
Let m = 20232 - 20044. What is the remainder when 927 is divided by m?
175
Let d(y) = 300*y**2 - 102*y + 182. What is the remainder when d(2) is divided by 28?
2
Calculate the remainder when ((-1746)/(-10))/(((-112)/784)/((-20)/42)) is divided by 6.
0
Let d(v) = 747*v + 147. What is the remainder when d(1) is divided by 28?
26
Suppose -2*s + 0 = -8. Suppose s*p + 2*l = 38, -5*l = p - 0*l + 4. Calculate the remainder when 65 is divided by p.
10
Let x = -32 - -37. Let v(t) = 3*t**2 + t - 32. Calculate the remainder when v(x) is divided by 10.
8
Let s(m) = -4*m**2 + 1859*m - 17730. Suppose 3*g - 2*g = 75. Let y = 131 - g. Calculate the remainder when y is divided by s(455).
11
Suppose 5*m + 3*p = 1406, 4*m = 4*p + 901 + 243. What is the remainder when 896 is divided by m?
47
Suppose 2*d - 20 = 168. Let p be 2/((-24)/20)*3 - 10. Let x(h) = -h**3 - 15*h**2 - 7*h - 98. What is the remainder when d is divided by x(p)?
3
Let t(y) = -2*y**2 - 46*y + 49. Let q be t(-24). Let b(i) = 14*i**3 + 2*i**2 - 4*i + 1. What is the remainder when 37 is divided by b(q)?
11
Suppose 1866*i - 1864*i = s + 450, 0 = -5*i - 5*s + 1140. What is the remainder when i is divided by 169?
57
Suppose -37*y - 15*y = 50*y - 42126. What is the remainder when y is divided by 141?
131
Let l = 24 + -7. Let q be ((-28)/(-16))/(1/(-8)). What is the remainder when (4/q)/(-1) + 666/21 is divided by l?
15
Let q = -38 - -60. Let y(z) = 2*z + 10. Let p(k) = 2*k + 11. Let v(r) = 7*p(r) - 6*y(r). Calculate the remainder when q is divided by v(-6).
2
Suppose 2*a - 5*k - 240 = -3*k, 4*k = 3*a - 363. Suppose -t - 567 + 597 = 0. Calculate the remainder when a is divided by t.
27
Let p(d) = 4*d + 7. Let b be p(-4). Let f = b - -22. Suppose 6*l - 103 - 107 = 0. Calculate the remainder when l is divided by f.
9
Let k(b) = 19*b**2 + 18*b + 48. What is the remainder when k(7) is divided by 10?
5
Let h(n) = -2*n**2 + 17*n + 29. Let w be h(13). Suppose 0 = 5*c - 262 - 208. Let g = c + w. What is the remainder when 6 is divided by g?
0
Let k = -5409 - -6137. Calculate the remainder when k is divided by 104.
0
Suppose -6*l + 48 = 18. Let s(d) = -d**3 - 9*d**2 - 9*d + 6. What is the remainder when ((-456)/6)/(l/(-10)) is divided by s(-8)?
12
Let g(s) = -2*s**3 - 289*s**2 - 416*s + 1880. Let p(l) = 7*l**2 - 2*l + 1. What is the remainder when g(-143) is divided by p(1)?
3
Suppose -51 = 4*c + 2*i - 989, 0 = -5*c + 4*i + 1179. Let y = c + -228. Suppose -9 = 2*o - 5*o. What is the remainder when y is divided by o?
1
Let v be ((-6)/(-8))/((39/8)/13). Let n(o) = 34 - o**v - 12*o - 13 - 7. Calculate the remainder when 49 is divided by n(-11).
24
Suppose -37*a + 728 = -41*a. Let p = a + 200. Calculate the remainder when 19 is divided by p.
1
Let i(q) = -q**3 + 15*q**2 + 10*q - 43. Let p be i(15). Suppose p = 2*v - v. What is the remainder when v is divided by 39?
29
Let z be 3*(28/(-6))/(-1). Calculate the remainder when z/((1 + -6)/(-5)) is divided by 4.
2
Calculate the remainder when 906 is divided by -25 + (-45248)/(-98) + 4/14.
32
Suppose 0 = r + 24 - 37. Let k(y) = -y**3 - 3*y**2 + 6*y + 6. Let l be k(-4). Calculate the remainder when l + -1 + 1 + 64 is divided by r.
10
Let t = -5192 - -5265. Calculate the remainder when 486 is divided by t.
48
Let b be -974*(35/10 - 3). Let m = 695 + b. Calculate the remainder when m is divided by 53.
49
Let u(k) = k**3 - 7*k**2 + 10*k - 48. Let b be u(7). Let y(v) = v**3 - 22*v**2 + 2*v - 15. What is the remainder when 108 is divided by y(b)?
21
Suppose 2*h = 2*l - 32, -22*l - 3*h + 43 = -18*l. Calculate the remainder when 157 is divided by l.
1
Suppose -7*z + 27*z - 234 - 6706 = 0. What is the remainder when z is divided by 168?
11
Suppose -5*t - l = -0*l + 2, -5*l + 10 = 5*t. Let i = 1485 + -1478. Calculate the remainder when (4 + t)*46/3 is divided by i.
4
Let b(q) = 56*q**2 - 3*q + 8. What is the remainder when 226 is divided by b(1)?
43
Suppose -2411 = 10*q - 248750 - 119731. Calculate the remainder when q is divided by 256.
255
Let q = 1926 + -1855. Calculate the remainder when 537 is divided by q.
40
What is the remainder when 175 is divided by -2 + (-18)/(-8) - (2472/(-96) + 15)?
10
Let k = 101 - 171. Let l = 71 + k. Calculate the remainder when ((-14)/(-14))/(l + (-70)/71) is divided by 18.
17
Suppose 3*g = -3*a + 936 - 204, 3*g = 2*a + 752. What is the remainder when g is divided by 40?
8
Suppose 0*o = -4*o + 8. Let i(h) = h**2 + 6*h - 6*h**o + 6*h**2 - 3*h + 2. Calculate the remainder when i(7) is divided by 15.
12
What is the remainder when 182 is divided by (9 + (-351)/45)/((-6)/(-280))?
14
Calculate the remainder when -642 - -646 - (-1)/((-2)/(-982)) is divided by 101.
91
Suppose -5*s = -19829 + 3086 - 4487. What is the remainder when s is divided by 35?
11
Let r(f) = -798*f - 42181. Let u be 0/(0 + 2) + 0. Calculate the remainder when r(-53) is divided by u/(-2) + 2 + 27.
26
Let g(y) = y**2 + 24*y + 157. Calculate the remainder when 3036 is divided by g(-13).
12
Let w = 27 + -7. What is the remainder when ((-20 - -29)*4/(-14))/(6/(-56)) is divided by w?
4
Suppose 8 + 34 = 3*f. Let o(a) = -5*a**3 - 4*a**2 - 6*a - 8. What is the remainder when o(-3) is divided by f?
11
Let d = -110 - -166. Suppose -d = -6*z + 40. What is the remainder when (-4)/(-6) + 995/15 + -5 is divided by z?
14
Suppose 58*z - 39780 = -282*z. Calculate the remainder when 3171 is divided by z.
12
Let o = 317 + -295. Suppose o*m - 2755 = 1051. What is the remainder when m is divided by 25?
23
Let d = 1304 + -1090. What is the remainder when d is divided by 35?
4
Calculate the remainder when 10435 is divided by (-594)/(-2) - 15*(-308)/(-660).
285
Let z be ((-3)/(-4))/((-45)/408)*5. What is the remainder when 44 is divided by 1572/68 + 4/z?
21
Suppose 2*a - 6*a + 68 = 0. Suppose 976 = -5*i - 54*f + 50*f, -2*i + 4*f - 368 = 0. Let n = i + 259. What is the remainder when n is divided by a?
16
Let n(m) = m**2 + 78*m - 67. Calculate the remainder when 548 is divided by n(-79).
8
Suppose 0 = -3519*j + 3522*j - 54. What is the remainder when 31 is divided by j?
13
Let y(v) = v + 28. Let c be y(-15). Suppose -8*k + 15 = -c*k. What is the remainder when 100/(-12)*k - 4 is divided by 6?
3
Let l be 158/(-5) + (-4)/10. Let t = -26 - l. Let m(q) = 6*q - 15. What is the remainder when m(5) is divided by t?
3
Let h = 4395